 the remainder when (-4*98)/(-8) - 0 is divided by s?
24
Let v = -56 - -70. Calculate the remainder when v is divided by 5.
4
Calculate the remainder when (-24)/(-15)*90/(-8)*-2 is divided by 21.
15
Suppose 125 = 2*w + 5*g, 170 = 2*w - 2*g - 2*g. Suppose -w = 11*n - 14*n. Calculate the remainder when 73 is divided by n.
23
Let k(i) = i**2 + 5*i - 5. What is the remainder when k(-8) is divided by 11?
8
Suppose -129 = -m - 14. Suppose 4*u - o = m, 2*u + 2*o + 3*o = 41. What is the remainder when u is divided by 10?
8
Let f(x) = x**2 - 25*x + 11. Calculate the remainder when f(27) is divided by 11.
10
Suppose 3*h - 12 - 9 = 0. What is the remainder when 34 is divided by h?
6
Suppose i = 5*i. Suppose 3*k - 27 = -i*k. What is the remainder when k is divided by 3?
0
Suppose -2*w = -w - 5. Let i be (-4)/(-2) + (-680)/(-5). Suppose 5*p = 3*l + i, -98 = -4*p - 5*l + w. Calculate the remainder when p is divided by 14.
13
Let j(o) = 5*o**3 + o**2. Let w be j(-1). Calculate the remainder when 6 is divided by 6/w*(-4)/2.
0
Let l(h) = -h**3 - 12*h**2 - 14*h - 3. Let t be l(-11). Let k = 42 - t. What is the remainder when 33 is divided by k?
9
Let w(c) = -c - 11. Let o be w(-9). What is the remainder when 25 is divided by (24/20)/(o/(-15))?
7
Let s(i) = -i + 4. Let o be -2*(1 - -8 - -2). Let m = -11 - o. What is the remainder when m is divided by s(0)?
3
Let m be (3 + 1)*(-18)/8. Calculate the remainder when 16 is divided by m/2*(-12)/9.
4
Suppose 4*s + 3*d - 25 = 0, 1 = 2*d - 5. Suppose 4*y = 10 + 14. Calculate the remainder when y is divided by s.
2
Let d = 46 + -1. Calculate the remainder when d is divided by (60 + -120)*(3/5 - 1).
21
Calculate the remainder when 63 is divided by (0 - -3) + (34 - 4).
30
What is the remainder when 24 is divided by 438/42 - (-9)/(-21)*1?
4
Let b(c) = -11*c + 87. Calculate the remainder when 51 is divided by b(7).
1
Suppose 4*f = 3*t + 97, f + 24 = 2*f - t. Let g = -5 + f. Calculate the remainder when 57 is divided by g.
17
Let a(o) = -o**2 + 1. Let h be (9/4)/(12/32). Let s be h/(-21) + 4/14. Calculate the remainder when a(s) is divided by 1.
0
Suppose 0 = 3*u - 3*t - 129, -2*u - 4*t + 110 = -0*u. Calculate the remainder when u is divided by 10.
7
Let y(i) = -6*i - 2. Let x be y(4). Let r be x/(-8) + (-3)/12. Suppose -j = 3, r*a - j = 2*j + 138. Calculate the remainder when a is divided by 15.
13
Let s(h) = 2*h**2 - 8*h + 7. Let g be s(7). Suppose -75 - g = -2*j. What is the remainder when j is divided by 16?
14
Let u = -101 + 108. Let t(f) = 2*f**2 + 5*f + 2. Calculate the remainder when t(-5) is divided by u.
6
Suppose 2*r + 16 = 3*f, 0 = -0*f + 3*f - 4*r - 14. Suppose -23 = -4*w + 21. What is the remainder when w is divided by f?
5
Suppose 2*s + 2*b - 40 = -0*b, 0 = 5*s - b - 112. Suppose 0*i - 5*i + 2*m = -107, 0 = -i + m + s. Calculate the remainder when 62 is divided by i.
20
Suppose 0 = 6*y - 26 + 2. Let m = -1 + 3. Suppose -m*x = 2*o - 8, 0*o - 12 = -4*x - 2*o. Calculate the remainder when y is divided by x.
0
Let x = -3 + -4. Let c(w) be the second derivative of -w**3/6 + 5*w**2 - 5*w. What is the remainder when 32 is divided by c(x)?
15
Let i(u) = -u**3 - 4*u**2 - 7*u - 8. Calculate the remainder when 38 is divided by i(-4).
18
Suppose -h - 4*f + f + 30 = 0, -3*f - 102 = -3*h. Let m = h + -19. Let a(u) = 2*u + 13. Calculate the remainder when a(14) is divided by m.
13
Suppose -y + 4*y - 4*v - 13 = 0, 0 = 5*y - 2*v - 17. Calculate the remainder when (y/3)/(2/10) is divided by (-70)/(-22) + (-2)/11.
2
Suppose 0 = -w - 0*w - 14. Let n = 28 + w. What is the remainder when 55 is divided by n?
13
Suppose -5*i + 11 = 1. Suppose 0 + 8 = i*z. What is the remainder when 7 is divided by z?
3
Let t(u) = u**3 + 6*u**2 - u. Let k(m) = -m**2 + 10*m - 6. Let o be k(10). Calculate the remainder when t(o) is divided by 2.
0
Let k = 9 - 4. Let w = 47 + -34. Calculate the remainder when w is divided by k.
3
Suppose -5*j = -2 + 42. Calculate the remainder when 7 is divided by (5 - 10)*j/10.
3
Let a = -6 - -8. Let k be 4*(-1)/a - -4. Suppose 4*u = -d + 96, k*d + 48 = 2*u - 0*d. Calculate the remainder when u is divided by 13.
11
Suppose 8 + 107 = 5*r. What is the remainder when 39 is divided by r?
16
Calculate the remainder when -11*(-1 - 3) - -1 is divided by 12.
9
Calculate the remainder when -3 - (16 + 0)*-4 is divided by 21.
19
Let f be (-3)/(-5) - (-2)/5. Suppose -3*s + 5 = -3*p + 2*s, f = -3*p + 4*s. What is the remainder when 13 is divided by p?
3
Let u(v) = v**2 + 2*v + 1. Let h be u(-1). Suppose 0 = -4*c - h*c + 104. Let k(f) = 5*f**2 - 3*f. Calculate the remainder when c is divided by k(2).
12
Let o(g) = 4*g**2 - 48*g - 21. Suppose -4*l = -5*d - 52, -4*l + 2*d + 2*d + 48 = 0. Calculate the remainder when o(13) is divided by l.
7
Let p(c) = 2*c**2 - 2*c - 5. Let g(s) = s**3 - 2*s + 12. Calculate the remainder when p(5) is divided by g(0).
11
Suppose -5*j + z = 72, 4*z - 58 = 4*j + 3*z. Let o = 5 - j. What is the remainder when 56 is divided by o?
18
Suppose -3*c + 2*c + 230 = 3*h, h + 5 = 0. Suppose 0 = -5*z - 4*w + 313, -5*z - 5*w + c = -z. Calculate the remainder when z is divided by 22.
21
Suppose -2*f + 320 - 114 = 0. What is the remainder when f is divided by 53?
50
Let x(f) = 2*f + 5. Let a be x(-6). Let b = a - -8. Calculate the remainder when 2 is divided by b.
0
Let s(y) = y**3 - 2*y**2 - 2. What is the remainder when 8 is divided by s(3)?
1
Suppose -f - 2*o + 56 = f, -4*f - o = -115. What is the remainder when 110 is divided by f?
23
Let w = 14 - 24. Let n = 15 + w. Suppose n*h + 5*b = 15, -4*h + 0*h - b = -21. Calculate the remainder when 11 is divided by h.
5
Suppose 4*c = -z + 40, 5*z - 195 - 62 = -c. Suppose -s - z = -2*g, -5*g = -4*s - 109 - 24. Calculate the remainder when g is divided by 9.
7
Let q = 13 + -9. Suppose -13 + 53 = q*t. What is the remainder when 59 is divided by t?
9
Suppose 0 = 2*k + k + 4*r + 4, -3*k = -2*r - 20. What is the remainder when 6 is divided by k?
2
Calculate the remainder when (-142)/(-6) - (-18)/54 is divided by 14.
10
Let f(s) = s + 1. Calculate the remainder when 14 is divided by f(1).
0
Let i(x) = -2*x**2 + 18*x - 11. What is the remainder when 83 is divided by i(7)?
15
Let z(t) = t**3 + 6*t**2 - 5*t - 8. What is the remainder when 86 is divided by z(-6)?
20
Calculate the remainder when 66/4 + 3/(-6) is divided by 9.
7
Let d(c) = 14*c**2 + 4*c + 4. Let m be d(-2). Suppose -3*b = -5*n - m, 2*b - 4*n - 15 = 21. What is the remainder when 25 is divided by b?
11
Calculate the remainder when 30 is divided by 1/(-1)*(-11 + 0).
8
Let x = -78 + 120. Calculate the remainder when x is divided by 13.
3
Let l = -1 + 3. Suppose l*c + 4*y = y + 24, 5*y - 26 = -c. Calculate the remainder when 15 is divided by c.
3
Suppose -4*f + g + 69 = 0, 47 = 5*f - 3*g - 34. Let n = 23 - -29. What is the remainder when n is divided by f?
16
What is the remainder when 29 is divided by (-9)/(-21) + (-67)/(-7)?
9
Suppose 0 = 5*i - 2 + 7, 0 = 3*n + 5*i - 40. Let q(s) = -s**2 - 7*s - 7. Let o be q(-5). Calculate the remainder when n is divided by 3*o + -8 + 5.
3
Let y(t) = -t + 11. Let h be y(7). Suppose h*r + 3*u = -u + 76, -5*r + 3*u + 95 = 0. Let f = 35 - 25. What is the remainder when r is divided by f?
9
Let c(u) = u + 6. Let z be c(-6). Suppose -r + 3*y + 16 = z, r + r = 2*y + 44. What is the remainder when r is divided by 9?
7
Suppose -5*w + 38 = -4*w. Let q = -5 + 31. Suppose -3*u + u = -q. What is the remainder when w is divided by u?
12
Suppose -4*h - 5*x - 67 = -7*h, 4*h = -x + 97. What is the remainder when 117 is divided by h?
21
Let w(s) = -2*s**2 - 2*s**2 + 2 + 5*s**2 - 4*s. Calculate the remainder when 53 is divided by w(6).
11
Let t = -7 - -21. Suppose -4*p - 172 = -0*p. Let r = 82 + p. Calculate the remainder when r is divided by t.
11
Suppose 2 = 4*q - 5*r + 12, -3*q + 6 = 3*r. Suppose -g + 18 = -t, q = -2*g - 0*t + 3*t + 38. What is the remainder when 61 is divided by g?
13
Suppose 0 = i - 4 + 2. Suppose i*x - 4 = 2*u - 18, -3*x = 4*u. What is the remainder when 12 is divided by u?
0
Let n be (0 - -1) + (-4 - -2). Let b be 0/2 + 4 + n. Suppose b*f = -2*f + 125. Calculate the remainder when 73 is divided by f.
23
Let p(o) = -1 + 9 - o - 3*o + 3*o. Calculate the remainder when 15 is divide